**3 - 5*k**2 - 12. Let h be m(6). Suppose -h = -4*a - 2*a. Suppose 4*w + 40 = -a*l + 132, 5*w - 3 = -l. What is the units digit of l?
8
Let q = -86 + 111. Let h(m) = m**3 - 24*m**2 - 9*m + 33. What is the units digit of h(q)?
3
Let x(c) = -389*c - 1412. What is the hundreds digit of x(-7)?
3
Let p(u) = -21*u. Let z be p(8). Let s = 246 + z. Suppose s = -o + 2*o. What is the tens digit of o?
7
Suppose 2*j + 5*l + 115 = 0, -3*j + 2*l - 183 = -l. Let c = 138 + j. Let i = 144 - c. What is the units digit of i?
6
Suppose 0 = -2*j + 2*k + 21516, 0 = -9*j + 8*j - 2*k + 10776. What is the hundreds digit of j?
7
Suppose -6*a + 9*a + 6 = 0, 0 = 5*f - 4*a - 4038. Suppose -3*g - 2*s - f = -8*g, -g + 5*s + 152 = 0. What is the hundreds digit of g?
1
Suppose 2*r - 24884 = -4*d, 7*r + 6*d + 24944 = 9*r. What is the tens digit of r?
5
Let f(n) = n**3 + 21*n**2 + 8*n + 42. Let a be f(-23). What is the thousands digit of (1 + 12/(-18))*-6 - a?
1
Let t be 2/(((-24)/(-4))/(-3))*0. Suppose -3*f = -t*f - 177. What is the units digit of f?
9
Let j = -14829 + 26123. What is the ten thousands digit of j?
1
Suppose -a = f - 9320, -2*f = -673*a + 670*a + 27950. What is the hundreds digit of a?
3
Suppose -141*j + 336*j = 2190630. What is the hundreds digit of j?
2
Let c(q) = -q + 14. Let t be c(4). What is the tens digit of ((-225)/(-18) + -2)/(3/t)?
3
Let z = -48 + 52. Suppose 3*j - 4*u = -5*u, -5*j + z*u = 0. Let n(s) = s**2 + 2*s + 33. What is the units digit of n(j)?
3
Let m = 7459 + -2079. What is the hundreds digit of m?
3
What is the hundreds digit of (1133/(-88) + 13)*4211*8?
2
Suppose -8*o + 584 = -280. Suppose o = 4*a + 5*n, -2*a - 23 = 3*n - 75. What is the tens digit of a?
3
Suppose -162298 = -3*n - p - 44820, 5*n - 195765 = -8*p. What is the units digit of n?
1
Suppose -39*h = -120*h + 600858. What is the hundreds digit of h?
4
Suppose -2*j - 3*g + 5 = 2*j, -5*j - 5*g = 0. What is the tens digit of -2*(j + -4)*(-537)/6?
7
Suppose -5*m + 0*m - o + 16742 = 0, 0 = 2*o + 6. What is the thousands digit of m?
3
Let p be (2 - -1)/3 + 5. Suppose 2*t + 0*t = p. Suppose t*u = -1 + 10. What is the units digit of u?
3
Let c(f) = f - 34. Let p be c(40). Suppose -x + 1189 = d, -x - 2*d = -p*d - 1209. What is the thousands digit of x?
1
Let f(d) = -d + 9 - 16 - 15*d - 21. Let j(l) = l - 1. Let s(w) = -f(w) + 2*j(w). What is the tens digit of s(7)?
5
What is the tens digit of (-139290)/(-45) - 18/(-27)?
9
Let t(j) = 39*j**2 + 13*j - 317. What is the tens digit of t(12)?
5
Suppose 0 = 33*d - 3 + 3. Suppose 2*v + 3*f + d*f - 18 = 0, -4*v + 36 = -2*f. What is the units digit of v?
9
What is the thousands digit of ((3/7)/(18/(-37740)))/(14/(-98))?
6
Suppose 199*m = 195*m + 1748. Let y = 814 - m. What is the tens digit of y?
7
Let g(j) = 4*j**2 + 18*j - 1. Let c(l) = l**3 - 13*l**2 - 14*l - 9. Let w be c(14). What is the hundreds digit of g(w)?
1
Suppose 12774 = 6*c - 12. Suppose 9*k - c = 965. What is the tens digit of k?
4
Suppose 180 = 172*h - 187*h. What is the hundreds digit of 4/8*h/(-1) + 1399?
4
Let r = -119 + 337. Suppose 5*f = r + 27. Suppose -4*y = j - 17, j = -4*y + 8*y + f. What is the tens digit of j?
3
Let a be (-86)/(-16) - (-3)/(-8). Let j be 0 + (3 - a - -103). Suppose 8*s + j - 933 = 0. What is the tens digit of s?
0
Suppose 930*r = 1890*r - 904*r - 3411968. What is the thousands digit of r?
0
Let j(v) = 166*v - 349. Let a be j(8). Let k = a - 703. What is the units digit of k?
6
Let z = -55 - -32. Let h = z + 25. Let v = 15 + h. What is the tens digit of v?
1
Suppose -32*q + 4947 + 4493 = 0. Suppose -3*z + z = -2*c + 572, -q = -c + 4*z. What is the hundreds digit of c?
2
Let i = 12 + -9. Suppose -2*l + 37 - 10 = i*p, 0 = -5*p + 25. Suppose l*o - 45 = 5*o. What is the units digit of o?
5
Suppose -82*d + 245022 + 654058 = -109520. What is the tens digit of d?
0
Suppose -48*p + 8 = -44*p. Suppose 3*w - 2 = 5*i - 3, -p*w = -4*i + 2. Suppose 6*v - 38 + i = 0. What is the units digit of v?
6
Suppose -2*h - 183517 = -3*i, 3*i + 872*h - 869*h = 183522. What is the tens digit of i?
7
Suppose 4*o = -l + 932 + 492, o - 3*l = 356. Suppose -u = 4*u + 2*t - 893, -2*u = 2*t - o. What is the tens digit of u?
7
Let r be (-115)/(-1) - (17 + -20). Let c(t) = t**3 - 4*t**2 - 9*t - 7. Let p be c(5). Let m = r + p. What is the tens digit of m?
9
Let k(s) = 977*s**2 + 181*s + 370. What is the thousands digit of k(-2)?
3
Let o(n) = 41*n**2 - n + 51. What is the units digit of o(-7)?
7
Let p(o) be the first derivative of o**2/2 - 5*o + 1. Let r = 435 + -425. What is the units digit of p(r)?
5
Let w(m) = -m**2 - 9*m + 20. Let r be w(-13). Let t = r + 34. What is the units digit of 42 - t/(3 + -1)?
1
What is the tens digit of -10*(-6)/150 + 48954/15 + -2?
6
Let y = 133 - 23. Let u = y + 139. What is the units digit of u?
9
Let s(y) = -y**3 + 13*y**2 - 12*y - 20. Let b(a) = -2*a**3 + 7*a**2 + 9*a - 13. Let k be b(4). What is the units digit of s(k)?
0
Suppose 2*n - 177029 = -7*n - 341. What is the tens digit of n?
3
Let m = -79 - -79. Suppose m = -2*h + 4*d - 2, -4*h + 2*d + 0 = -8. Suppose h*r - 10*r + 189 = 0. What is the units digit of r?
7
Let y(p) = 12*p**2 + 3*p - 3. Suppose 23 = 7*g + 44. Let q = 0 - g. What is the hundreds digit of y(q)?
1
Let f = 60809 - -11426. What is the tens digit of f?
3
Let y be (5 + -2)/((-6)/(-10)). Let c = 1389 + -1387. Suppose -c*n + 4*p = 3*n - 231, 0 = 3*n + y*p - 109. What is the tens digit of n?
4
Let s(t) = 10*t - 7. Let b be s(1). Suppose -w + b*i + 340 = -i, -5*w + 1790 = -2*i. What is the tens digit of w?
6
Let f be (3/1 - 1)*22/(-4). Let g(b) = b**3 + 12*b**2 + 2*b + 30. Let k be g(f). Let t = k + -94. What is the tens digit of t?
3
Let u be 2353/(-13) - (-5 - -2). Let f = u + 253. What is the units digit of f?
5
Let n = -81 + 46. Let x be (10/(-7) - 15/n) + 3. Suppose -5*z + 24 = -x*z. What is the units digit of z?
8
Suppose 3*f + 358751 - 58149 = 5*m, 3*f = 3. What is the thousands digit of m?
0
Suppose -25002 = -56*t + 341070. What is the units digit of t?
7
Suppose -60*h + 5422090 = 168*h - 499982. What is the tens digit of h?
7
Suppose 0 = -3*i + 3*p + 32742, p = -3*i + 25930 + 6808. What is the units digit of i?
3
Let z(d) = 2*d**3 + 2*d - 9*d**3 + 2*d**3 - 3*d**3 + 2*d**2. Let m be z(-1). Suppose 277 = -m*h + 725. What is the tens digit of h?
5
Suppose 0 = -3*y + 4*a - 8546 + 60079, -85840 = -5*y - 3*a. What is the ten thousands digit of y?
1
Suppose -q + 1 = -1. Suppose 3*s = -5*l + 110, 5*s - 5*l = 136 + 74. Suppose q*k - s = -3*k. What is the units digit of k?
8
Let t = 147 + -143. Suppose 0 = -4*d - t*p + 1212, 5*p = -d + 6*p + 305. What is the hundreds digit of d?
3
Let p = -264 + 876. What is the units digit of 5 + p*6/12?
1
What is the hundreds digit of ((-70)/(-28))/((-10)/(-24)) - -36905?
9
What is the hundreds digit of (6 - 5)*-1 - 6 - 6978/(-3)?
3
Suppose 3*k + 7 = -r, -3*k - 1 = 3*r + r. Let u(y) = 111*y - 36. What is the units digit of u(r)?
6
Let p(c) = c**3 - 29*c**2 + 31*c - 82. Let z be p(28). What is the units digit of 7/(-56) + (8420/32 - z)?
1
Let m = 20431 + -11852. What is the thousands digit of m?
8
Let k(x) = x**3 - 16*x**2 - 16*x - 17. Let z be k(17). What is the tens digit of z + 5 + -4 + 181?
8
Let r = 12939 + -8920. What is the thousands digit of r?
4
Let a be (-3)/(-6)*(-6 + 4482). Suppose -a - 306 = -3*k. What is the tens digit of k?
4
Let t(p) = p - 7. Let j be t(12). Suppose -j*q + 3237 = -2*q. What is the thousands digit of q?
1
Suppose -4*g - 3*i - 9 = 0, -12*g + 10*g = -2*i - 6. What is the units digit of (194346/885)/(g + (-1)/(-5))?
8
Suppose -12*b + 5*b = -245. Suppose 0 = n - b - 55. Suppose -3*h - 2*h + 492 = d, -h + 4*d + n = 0. What is the units digit of h?
8
Let l be (-18)/90 + (-1756)/(-5). Let s = l + -241. What is the tens digit of s?
1
Suppose -5*v = -2*t + 19728, t - 78 - 9771 = 5*v. What is the units digit of t?
9
Let z = -125 - -103. Let x = z + 22. Suppose -4*a + 182 + 758 = 4*m, x = -4*m + 4*a + 956. What is the hundreds digit of m?
2
Suppose 5*i + 2*h - 17915 = h, -4*h = 2*i - 7184. Suppose -2*q + 20*q = i. What is the tens digit of q?
9
Suppose -11*o + 564401 = 2*h, -77*h = -5*o - 72*h + 256540. What is the ten thousands digit of o?
5
Let o(i) = -i**3 - 3*i**2 - i + 4. Let j be